71 - 2?
16c
In base 8, what is -53264 + -3?
-53267
In base 7, what is 3 + -44?
-41
In base 8, what is 41 + -5?
34
In base 3, what is -2 - -11?
2
In base 7, what is 62 - -562?
654
In base 15, what is -11 - 18?
-29
In base 12, what is -212 + 17?
-1b7
In base 8, what is -11014 + -4?
-11020
In base 16, what is -f6 + 4?
-f2
In base 16, what is -211 - -4?
-20d
In base 3, what is -2 + -20221?
-21000
In base 7, what is -165 + 25?
-140
In base 11, what is -93 - 2?
-95
In base 15, what is 1b + 3?
1e
In base 13, what is -a77 - 5?
-a7c
In base 4, what is 102332 + -2?
102330
In base 5, what is 13024 + 10?
13034
In base 14, what is -3 - 49d?
-4a2
In base 11, what is -186 + 61?
-125
In base 12, what is a + -44?
-36
In base 2, what is 100000 + 0?
100000
In base 5, what is -10440 - 2?
-10442
In base 15, what is -aa1 - -5?
-a9b
In base 13, what is 3 + 15?
18
In base 11, what is 57 - -31?
88
In base 6, what is 53 - 434?
-341
In base 6, what is -1 + -205?
-210
In base 5, what is 0 + -112204?
-112204
In base 8, what is -1 - -2074?
2073
In base 7, what is 5 - -165?
203
In base 14, what is 10 - 55?
-45
In base 15, what is 28d + 0?
28d
In base 8, what is -2377 - -3?
-2374
In base 2, what is 111101 - 11011?
100010
In base 7, what is -2 - -212?
210
In base 16, what is -5 + e49?
e44
In base 16, what is 22 + -f?
13
In base 9, what is 5 - 864?
-858
In base 5, what is 1 + -1?
0
In base 16, what is -33c - 2?
-33e
In base 15, what is 269 - -2?
26b
In base 8, what is -11 - -34?
23
In base 8, what is -3 - 1517?
-1522
In base 7, what is 6640 - 4?
6633
In base 2, what is -1001000 - 110?
-1001110
In base 11, what is -18 + -20?
-38
In base 9, what is 1 - 4?
-3
In base 12, what is -1 - 13a?
-13b
In base 16, what is 49d - 2?
49b
In base 11, what is -5 + 53?
49
In base 8, what is -64 + 102?
16
In base 14, what is -15 + 2?
-13
In base 10, what is -40 + 1?
-39
In base 2, what is 1000 + -1111001011?
-1111000011
In base 16, what is 3 - -320?
323
In base 15, what is -3 - 2e?
-32
In base 12, what is -90 + -3?
-93
In base 10, what is 1 - -743?
744
In base 14, what is -123b - 0?
-123b
In base 12, what is 20 - -5?
25
In base 8, what is 277 - -12?
311
In base 16, what is -8 + 1df?
1d7
In base 3, what is 1121 - -1012200?
1021021
In base 9, what is 1 + 262?
263
In base 14, what is 2 - 1?
1
In base 8, what is -1 + 16?
15
In base 4, what is -3 + 2100?
2031
In base 7, what is -1 - -16?
15
In base 2, what is -1 + 100010111000?
100010110111
In base 13, what is 6 - -18?
21
In base 15, what is -3 + cc?
c9
In base 9, what is -4 + 54?
50
In base 15, what is 4 + -163?
-15e
In base 6, what is 3442 + -4?
3434
In base 5, what is 111 + -211?
-100
In base 9, what is -28 + 0?
-28
In base 12, what is 903 - -2?
905
In base 15, what is -2d7 + -4?
-2db
In base 4, what is -11 - -23133?
23122
In base 3, what is 1220110 - 1?
1220102
In base 16, what is 66 + -1?
65
In base 6, what is 1351 - 0?
1351
In base 8, what is 2 - -154?
156
In base 10, what is 1582 - 1?
1581
In base 9, what is 212 + 15?
227
In base 9, what is -110 + -14?
-124
In base 6, what is 13 - -14022?
14035
In base 14, what is -12 + -c?
-20
In base 2, what is -100 - -11110001111?
11110001011
In base 11, what is 1 + 3114?
3115
In base 9, what is -1014 - 0?
-1014
In base 13, what is 102 + 3?
105
In base 7, what is 131 - 10?
121
In base 16, what is 6ed - 5?
6e8
In base 5, what is -201 - 2?
-203
In base 10, what is 3 - 221?
-218
In base 4, what is -1 - 1030?
-1031
In base 2, what is -101 + -101001?
-101110
In base 5, what is 4043 - -3?
4101
In base 15, what is -67c + -1?
-67d
In base 5, what is -24 + 1232?
1203
In base 15, what is -203 - 5?
-208
In base 8, what is 170 - 66?
102
In base 10, what is -2755 - -1?
-2754
In base 7, what is -14 + 4?
-10
In base 10, what is -2 - 45?
-47
In base 13, what is -46 - 56?
-9c
In base 2, what is -11 + -110011100?
-110011111
In base 7, what is -11 - 403?
-414
In base 12, what is 21b5 - -2?
21b7
In base 13, what is -39 - -2?
-37
In base 2, what is 11010 - -101?
11111
In base 5, what is 3 + -33240?
-33232
In base 9, what is -131 + 1?
-130
In base 2, what is 11 + 110?
1001
In base 8, what is -1773 - -1?
-1772
In base 7, what is -145656 + -2?
-145661
In base 14, what is 2 + 2?
4
In base 9, what is 24 + -4?
20
In base 11, what is -198 + 18?
-180
In base 11, what is 3 + 454?
457
In base 4, what is -3200 - 3?
-3203
In base 4, what is -10223 + -1?
-10230
In base 11, what is 13359 + 1?
1335a
In base 12, what is -273 - 11?
-284
In base 7, what is -3622 + -5?
-3630
In base 9, what is -27 - -350?
322
In base 4, what is -13130 - 0?
-13130
In base 11, what is 316 - 5?
311
In base 9, what is -857 + 1?
-856
In base 13, what is -280 + 6?
-277
In base 4, what is -2 - -220?
212
In base 5, what is 10443 + -22?
10421
In base 3, what is 121 - 22102?
-21211
In base 5, what is 1 - 111214?
-111213
In base 3, what is 1 - 100121211?
-100121210
In base 6, what is -5 - -144?
135
In base 3, what is -10112 + -11?
-10200
In base 13, what is 11 + -6a?
-59
In base 7, what is -6 + -12?
-21
In base 14, what is 2 + 1396?
1398
In base 13, what is -53 + 0?
-53
In base 15, what is 2 + -2d?
-2b
In base 6, what is -333 - 13?
-350
In base 2, what is -1011000101 - -100?
-1011000001
In base 6, what is -12 + -53?
-105
In base 8, what is -2 - 107?
-111
In base 3, what is 12 - -101101?
101120
In base 16, what is -18d + 3?
-18a
In base 8, what is 3 + 41?
44
In base 13, what is 131 + -14?
11a
In base 8, what is 672 + 5?
677
In base 9, what is -47 + -256?
-314
In base 11, what is 2 + 1008?
100a
In base 8, what is -13 + 4?
-7
In base 16, what is 14 - 30a?
-2f6
In base 15, what is -17 - -19?
2
In base 3, what is -20 + -11?
-101
In base 8, what is 3 - -52?
55
In base 16, what is 3d - -4?
41
In base 2, what is -11110 + -101?
-100011
In base 12, what is 767 - 1?
766
In base 8, what is -3 + 35?
32
In base 5, what is -2 - 1324?
-1331
In base 4, what is -2 - -101001?
100333
In base 16, what is 1 - -c3?
c4
In base 2, what is -10000011 + -101?
-10001000
In base 11, what is 108 - 4?
104
In base 4, what is 10020012 - 3?
10020003
In base 12, what is -425 - -14?
-411
In base 11, what is 4 + -559?
-555
In base 9, what is -1 - 14?
-15
In base 10, what is 217 - 3?
214
In base 15, what is -53 + 3?
-50
In base 5, what is -2 + 32312?
32310
In base 6, what is 15 - -420?
435
In base 16, what is -3a - -4?
-36
In base 11, what is -235 - 4?
-239
In base 11, what is 15 - 66?
-51
In base 2, what is 1000100 + -101?
111111
In base 8, what is 2 + 1332?
1334
In base 2, what is -1010001 + -1?
-1010010
In base 12, what is -1842 + -5?
-1847
In base 2, what is 1000101 + -101?
1000000
In base 16, what is 0 + -dc3?
-dc3
In base 6, what is 0 + -105?
-105
In base 14, what is -12a + -4?
-130
In base 4, what is -2003 + -113?
-2122
In base 12, what is 3aa + -1?
3a9
In base 11, what is -2 + 15?
13
In base 3, what is -111 - 1202?
-2020
In base 8, what is -17253 + -5?
-17260
In base 5, what is 0 - 244?
-244
In base 9, what is -3686 + 5?
-3681
In base 10, what is 3 + -17?
-14
In base 4, what is -22 - -123103?
123021
In base 14, what is -5 + -255?
-25a
In base 4, what is 0 - 2012?
-2012
In base 15, what is -e4 + -4?
-e8
In base 13, what is 3 - 3a?
-37
In base 7, what is -1052 + -161?
-1243
In base 14, what is -1 + 2?
1
In base 3, what is -12 + 20?
1
In base 8, what is 17 - -12?
31
In base 2, what is 1000010111 + -100?
1000010011
In base 9, what is 164 - -2?
166
In base 10, what is -1 - 14?
-15
In base 14, what is -b + 161?
154
In base 3, what is 11 + -2210?
-2122
In base 16, what is 2c7 + -11?
2b6
In base 13, what is 0 - 28?
-28
In base 7, what is 352 - -122?
504
In base 10, what is -3 + -268?
-271
In base 3, what is -2 + -1201?
-1210
In base 4, what is -12202 + -2?
-12210
In base 16, what is -21e + 18?
-206
In base 13, what is 0 - -3b?
3b
In base 7, what is -251 + 1?
-250
In base 13, what is -4c - -1?
-4b
In base 8, what is -5 + 60?
53
In base 4, what is 10 - 1331?
-1321
In base 4, what is -31 - 2222?
-2313
In base 9, what is -3 - -228?
225
In base 16, what is 42 + 4?
46
In base 13, what is -19 + -11?
-2a
In base 15, what is -1 - -113?
112
In base 13, what is 3 + -22a?
-227
In base 15, what is 6 - -84?
8a
In base 13, what is -3973 + -4?
-3977
In base 14, what is 60 - 4a?
14
In base 15, what is -1 - 10?
-11
In base 5